63
What are the prime factors of 327254485?
5, 1201, 54497
List the prime factors of 696991110.
2, 3, 5, 23233037
What are the prime factors of 745209373?
9613, 77521
What are the prime factors of 2626265700?
2, 3, 5, 733, 1327
List the prime factors of 34910577.
3, 13, 29, 10289
What are the prime factors of 127342002?
2, 3, 17, 1248451
List the prime factors of 1172477100.
2, 3, 5, 89, 43913
List the prime factors of 315751578.
2, 3, 41, 1283543
What are the prime factors of 90871402?
2, 367, 123803
List the prime factors of 168183834.
2, 3, 7, 13, 89, 3461
List the prime factors of 401416766.
2, 59, 277, 12281
List the prime factors of 1932231052.
2, 483057763
What are the prime factors of 537569003?
537569003
What are the prime factors of 496935504?
2, 3, 13, 179, 1483
List the prime factors of 213936417.
3, 887, 8933
What are the prime factors of 71850498?
2, 3, 31, 47, 8219
List the prime factors of 2310286565.
5, 462057313
List the prime factors of 35281659.
3, 7, 1680079
List the prime factors of 40565002.
2, 1109, 18289
What are the prime factors of 1226756461?
7, 175250923
What are the prime factors of 11988184?
2, 13, 8867
List the prime factors of 331626787.
59, 5620793
List the prime factors of 286598942.
2, 7, 103, 28393
What are the prime factors of 179983613?
31, 137, 42379
List the prime factors of 774988162.
2, 13, 37, 21773
What are the prime factors of 4796397189?
3, 103, 127, 131, 311
List the prime factors of 8475995.
5, 11, 19, 8111
List the prime factors of 195114690.
2, 3, 5, 37, 19531
List the prime factors of 413876437.
13, 2448973
List the prime factors of 146035469.
2141, 68209
List the prime factors of 3136400.
2, 5, 7841
List the prime factors of 48073348.
2, 17, 706961
What are the prime factors of 174305034?
2, 3, 1075957
List the prime factors of 110139808.
2, 19, 107, 1693
What are the prime factors of 3777030460?
2, 5, 7, 577, 46757
List the prime factors of 49611924.
2, 3, 29, 47521
List the prime factors of 609765275.
5, 7, 3484373
What are the prime factors of 1836072613?
941, 1951193
List the prime factors of 86264533.
41, 2104013
What are the prime factors of 158978646?
2, 3, 101, 103, 283
What are the prime factors of 4258983718?
2, 11, 17, 631, 18047
List the prime factors of 966530089.
7, 138075727
List the prime factors of 31187452.
2, 17, 458639
What are the prime factors of 152782253?
13, 151, 5987
What are the prime factors of 473700855?
3, 5, 31580057
List the prime factors of 828998636.
2, 1481, 139939
List the prime factors of 1143558142.
2, 17, 41, 820343
What are the prime factors of 78962222?
2, 257, 153623
What are the prime factors of 199338373?
13, 29, 89, 457
List the prime factors of 70180895.
5, 1373, 10223
What are the prime factors of 14102779?
83, 169913
What are the prime factors of 14291425?
5, 571657
List the prime factors of 3428615124.
2, 3, 11, 107, 80917
List the prime factors of 65812813.
11, 5982983
List the prime factors of 109720072.
2, 7, 11, 178117
What are the prime factors of 700365618?
2, 3, 3259, 11939
List the prime factors of 122159182.
2, 2027, 30133
What are the prime factors of 437577059?
17, 31, 37, 22441
List the prime factors of 2090662349.
23, 83, 1095161
What are the prime factors of 26570696?
2, 193, 17209
What are the prime factors of 469289137?
17683, 26539
What are the prime factors of 2480339927?
13, 29, 137, 48023
What are the prime factors of 232848082?
2, 17, 6848473
What are the prime factors of 58135079?
19, 161039
List the prime factors of 45372220.
2, 5, 31, 73181
What are the prime factors of 38666912?
2, 1208341
What are the prime factors of 1906956330?
2, 3, 5, 41, 1550371
List the prime factors of 190080830.
2, 5, 491, 38713
What are the prime factors of 541894104?
2, 3, 2508769
What are the prime factors of 391959963?
3, 53, 373, 2203
List the prime factors of 2694297500.
2, 5, 1077719
What are the prime factors of 1598082004?
2, 29, 13776569
List the prime factors of 27880201.
19, 193, 7603
List the prime factors of 29025787.
7, 19, 31177
What are the prime factors of 372855199?
372855199
What are the prime factors of 51595377?
3, 31, 554789
List the prime factors of 135779351.
61, 151, 14741
List the prime factors of 1264340306.
2, 632170153
List the prime factors of 78381419.
509, 153991
List the prime factors of 777219143.
79, 257, 38281
What are the prime factors of 4376073972?
2, 3, 17, 21451343
What are the prime factors of 3215540054?
2, 761, 2112707
What are the prime factors of 750395411?
181, 487, 8513
List the prime factors of 178043898.
2, 3, 29673983
List the prime factors of 215609815.
5, 19, 107, 21211
What are the prime factors of 1754436351?
3, 31, 47, 401381
What are the prime factors of 304546950?
2, 3, 5, 676771
List the prime factors of 7043267032.
2, 7243, 121553
List the prime factors of 19226366.
2, 19, 271, 1867
What are the prime factors of 64307955?
3, 5, 4287197
List the prime factors of 807338415.
3, 5, 13, 17, 239, 1019
What are the prime factors of 882260042?
2, 37, 73, 163321
List the prime factors of 9406985.
5, 7, 268771
List the prime factors of 3709774410.
2, 3, 5, 123659147
List the prime factors of 154330991.
154330991
List the prime factors of 364170849.
3, 7, 127, 136547
What are the prime factors of 6067523535?
3, 5, 404501569
What are the prime factors of 65545406?
2, 109, 300667
What are the prime factors of 657430011?
3, 7, 271, 5501
What are the prime factors of 245533646?
2, 122766823
What are the prime factors of 581492504?
2, 41, 61, 29063
What are the prime factors of 197349837?
3, 107, 139, 4423
What are the prime factors of 3048422591?
607, 2083, 2411
What are the prime factors of 61190628?
2, 3, 5099219
List the prime factors of 72131884.
2, 11, 17, 73, 1321
List the prime factors of 160628608.
2, 7, 31, 5783
List the prime factors of 270475879.
101, 1439, 1861
What are the prime factors of 9984539?
47, 212437
What are the prime factors of 602606797?
13, 46354369
List the prime factors of 192117690.
2, 3, 5, 37, 19231
List the prime factors of 29359700.
2, 5, 331, 887
List the prime factors of 3598731073.
7, 514104439
What are the prime factors of 4077167520?
2, 3, 5, 8494099
List the prime factors of 983751397.
233, 491, 8599
List the prime factors of 39446963.
773, 51031
List the prime factors of 106467385.
5, 109, 195353
List the prime factors of 467094686.
2, 17, 13738079
What are the prime factors of 7125010?
2, 5, 29, 79, 311
List the prime factors of 3378554604.
2, 3, 2551, 12263
List the prime factors of 72873688.
2, 47, 193813
What are the prime factors of 7095238117?
11, 661, 975827
List the prime factors of 2253020636.
2, 3643, 154613
List the prime factors of 261014237.
11, 23728567
What are the prime factors of 117563785?
5, 23512757
What are the prime factors of 146188294?
2, 7, 953, 10957
What are the prime factors of 71099077?
7, 193, 52627
What are the prime factors of 1576599680?
2, 5, 2463437
List the prime factors of 2242203719.
7, 1231, 260207
What are the prime factors of 53443056?
2, 3, 29, 38393
What are the prime factors of 97391753?
79, 103, 11969
List the prime factors of 61846979.
1123, 55073
List the prime factors of 99785908.
2, 331, 75367
List the prime factors of 41294211.
3, 7, 280913
List the prime factors of 814067670.
2, 3, 5, 13, 2087353
List the prime factors of 37670581.
13, 509, 5693
What are the prime factors of 188282523?
3, 11, 13, 438887
List the prime factors of 89049173.
43, 2070911
List the prime factors of 145583971.
13, 17, 658751
What are the prime factors of 5920935539?
29, 1489, 137119
List the prime factors of 5029781.
31, 162251
List the prime factors of 361248735.
3, 5, 31, 776879
List the prime factors of 2013234275.
5, 13, 23, 41, 6569
What are the prime factors of 922880404?
2, 230720101
List the prime factors of 930694528.
2, 149, 48799
List the prime factors of 2743408303.
17, 161376959
List the prime factors of 2308254749.
43, 173, 310291
List the prime factors of 68147446.
2, 503, 67741
What are the prime factors of 214202756?
2, 53550689
List the prime factors of 616166110.
2, 5, 7, 8802373
What are the prime factors of 118768394?
2, 2129, 27893
List the prime factors of 478969868.
2, 13, 67, 137477
What are the prime f